the prime factors of 3933?
3, 19, 23
List the prime factors of 22635.
3, 5, 503
What are the prime factors of 36410?
2, 5, 11, 331
What are the prime factors of 133?
7, 19
List the prime factors of 1026.
2, 3, 19
List the prime factors of 8861.
8861
What are the prime factors of 1245?
3, 5, 83
What are the prime factors of 61139?
13, 4703
What are the prime factors of 17208?
2, 3, 239
What are the prime factors of 128421?
3, 19, 751
List the prime factors of 16485.
3, 5, 7, 157
List the prime factors of 27554.
2, 23, 599
What are the prime factors of 103914?
2, 3, 23, 251
What are the prime factors of 34314?
2, 3, 7, 19, 43
List the prime factors of 72042.
2, 3, 12007
What are the prime factors of 48431?
19, 2549
List the prime factors of 8353.
8353
List the prime factors of 920.
2, 5, 23
List the prime factors of 237.
3, 79
List the prime factors of 11244.
2, 3, 937
List the prime factors of 84.
2, 3, 7
List the prime factors of 22448.
2, 23, 61
List the prime factors of 868.
2, 7, 31
What are the prime factors of 28813?
28813
What are the prime factors of 1230?
2, 3, 5, 41
List the prime factors of 4145.
5, 829
What are the prime factors of 81961?
11, 7451
What are the prime factors of 6905?
5, 1381
List the prime factors of 66999.
3, 23, 971
What are the prime factors of 484?
2, 11
What are the prime factors of 1601?
1601
What are the prime factors of 37242?
2, 3, 2069
What are the prime factors of 6125?
5, 7
What are the prime factors of 10327?
23, 449
List the prime factors of 17323.
17, 1019
What are the prime factors of 1795?
5, 359
What are the prime factors of 7474?
2, 37, 101
List the prime factors of 43079.
23, 1873
List the prime factors of 1558.
2, 19, 41
List the prime factors of 24858.
2, 3, 1381
What are the prime factors of 21459?
3, 23, 311
What are the prime factors of 44470?
2, 5, 4447
What are the prime factors of 57257?
31, 1847
What are the prime factors of 202?
2, 101
What are the prime factors of 120503?
120503
What are the prime factors of 445?
5, 89
What are the prime factors of 5700?
2, 3, 5, 19
List the prime factors of 29791.
31
What are the prime factors of 973?
7, 139
What are the prime factors of 26695?
5, 19, 281
List the prime factors of 12993.
3, 61, 71
List the prime factors of 19249.
19249
List the prime factors of 32.
2
List the prime factors of 3220.
2, 5, 7, 23
What are the prime factors of 189?
3, 7
What are the prime factors of 1466?
2, 733
What are the prime factors of 29096?
2, 3637
What are the prime factors of 1027?
13, 79
What are the prime factors of 13042?
2, 6521
What are the prime factors of 1033?
1033
What are the prime factors of 3990?
2, 3, 5, 7, 19
What are the prime factors of 2760?
2, 3, 5, 23
What are the prime factors of 4751?
4751
What are the prime factors of 588?
2, 3, 7
What are the prime factors of 10439?
11, 13, 73
What are the prime factors of 4879?
7, 17, 41
List the prime factors of 106712.
2, 13339
What are the prime factors of 2292?
2, 3, 191
What are the prime factors of 1754?
2, 877
List the prime factors of 36913.
36913
What are the prime factors of 12185?
5, 2437
List the prime factors of 3169.
3169
What are the prime factors of 880?
2, 5, 11
List the prime factors of 16619.
16619
List the prime factors of 1112.
2, 139
List the prime factors of 239.
239
List the prime factors of 119.
7, 17
What are the prime factors of 552?
2, 3, 23
List the prime factors of 20337.
3, 6779
List the prime factors of 59480.
2, 5, 1487
What are the prime factors of 58725?
3, 5, 29
List the prime factors of 2059.
29, 71
What are the prime factors of 260?
2, 5, 13
List the prime factors of 81192.
2, 3, 17, 199
List the prime factors of 1955.
5, 17, 23
List the prime factors of 3569.
43, 83
List the prime factors of 37959.
3, 12653
What are the prime factors of 1457?
31, 47
What are the prime factors of 922?
2, 461
List the prime factors of 130.
2, 5, 13
List the prime factors of 13495.
5, 2699
What are the prime factors of 872?
2, 109
What are the prime factors of 7469?
7, 11, 97
List the prime factors of 3252.
2, 3, 271
List the prime factors of 69788.
2, 73, 239
What are the prime factors of 41733?
3, 4637
What are the prime factors of 1357?
23, 59
What are the prime factors of 654?
2, 3, 109
List the prime factors of 226.
2, 113
What are the prime factors of 1048?
2, 131
List the prime factors of 10839.
3, 3613
What are the prime factors of 356?
2, 89
List the prime factors of 33200.
2, 5, 83
What are the prime factors of 23840?
2, 5, 149
List the prime factors of 1521.
3, 13
What are the prime factors of 3085?
5, 617
List the prime factors of 2394.
2, 3, 7, 19
What are the prime factors of 224?
2, 7
List the prime factors of 5694.
2, 3, 13, 73
What are the prime factors of 139?
139
What are the prime factors of 86696?
2, 10837
What are the prime factors of 288?
2, 3
List the prime factors of 235.
5, 47
What are the prime factors of 17752?
2, 7, 317
List the prime factors of 1427.
1427
List the prime factors of 16895.
5, 31, 109
List the prime factors of 2289.
3, 7, 109
List the prime factors of 93530.
2, 5, 47, 199
What are the prime factors of 4746?
2, 3, 7, 113
List the prime factors of 8223.
3, 2741
What are the prime factors of 893?
19, 47
What are the prime factors of 52439?
41, 1279
What are the prime factors of 58545?
3, 5, 1301
List the prime factors of 53698.
2, 26849
What are the prime factors of 553?
7, 79
List the prime factors of 8814.
2, 3, 13, 113
List the prime factors of 34858.
2, 29, 601
What are the prime factors of 2164?
2, 541
What are the prime factors of 7136?
2, 223
List the prime factors of 191.
191
What are the prime factors of 5059?
5059
List the prime factors of 15273.
3, 1697
List the prime factors of 8595.
3, 5, 191
What are the prime factors of 663?
3, 13, 17
List the prime factors of 3809.
13, 293
List the prime factors of 1847.
1847
List the prime factors of 405.
3, 5
What are the prime factors of 33886?
2, 16943
List the prime factors of 69454.
2, 7, 11, 41
List the prime factors of 559.
13, 43
What are the prime factors of 3757?
13, 17
List the prime factors of 119950.
2, 5, 2399
What are the prime factors of 4164?
2, 3, 347
List the prime factors of 684.
2, 3, 19
What are the prime factors of 21557?
21557
What are the prime factors of 4451?
4451
What are the prime factors of 437?
19, 23
List the prime factors of 3714.
2, 3, 619
What are the prime factors of 61197?
3, 20399
List the prime factors of 7506.
2, 3, 139
List the prime factors of 353.
353
List the prime factors of 56185.
5, 17, 661
List the prime factors of 467.
467
What are the prime factors of 65843?
65843
List the prime factors of 23538.
2, 3, 3923
What are the prime factors of 1467?
3, 163
What are the prime factors of 10879?
11, 23, 43
What are the prime factors of 44267?
44267
List the prime factors of 13531.
7, 1933
List the prime factors of 24046.
2, 11, 1093
List the prime factors of 10706.
2, 53, 101
List the prime factors of 39141.
3, 4349
List the prime factors of 30505.
5, 6101
What are the prime factors of 2037?
3, 7, 97
What are the prime factors of 8629?
8629
What are the prime factors of 2264?
2, 283
List the prime factors of 903.
3, 7, 43
List the prime factors of 1128.
2, 3, 47
List the prime factors of 3014.
2, 11, 137
List the prime factors of 96.
2, 3
List the prime factors of 1538.
2, 769
What are the prime factors of 1908?
2, 3, 53
What are the prime factors of 844?
2, 211
List the prime factors of 10900.
2, 5, 109
What are the prime factors of 8383?
83, 101
What are the prime factors of 31308?
2, 3, 2609
List the prime factors of 2360.
2, 5, 59
What are the prime factors of 1028?
2, 257
What are the prime factors of 411?
3, 137
What are the prime factors of 292?
2, 73
What are the prime factors of 8534?
2, 17, 251
List the prime factors of 20893.
17, 1229
What are the prime factors of 45916?
2, 13, 883
What are the prime factors of 7815?
3, 5, 521
What are the prime factors of 4725?
3, 5, 7
List the prime factors of 445.
5, 89
What are the prime factors of 24629?
11, 2239
What are the prime factors of 3981?
3, 1327
What are the prime factors of 5628?
2, 3, 7, 67
List the prime factors of 13482.
2, 3, 7, 107
List the prime factors of 5234.
2, 2617
What are the pri